{"id":609,"date":"2019-11-11T10:04:52","date_gmt":"2019-11-11T09:04:52","guid":{"rendered":"https:\/\/betty-bbq.com\/cms\/?page_id=609"},"modified":"2020-07-07T09:52:52","modified_gmt":"2020-07-07T07:52:52","slug":"partyschlager","status":"publish","type":"page","link":"https:\/\/betty-bbq.de\/cms\/partyschlager\/","title":{"rendered":"Partyschlager"},"content":{"rendered":"[vc_section][vc_row][vc_column][vc_single_image image=&#8220;619&#8243; css_animation=&#8220;bounceInDown&#8220;][\/vc_column][\/vc_row][\/vc_section][vc_row max_width=&#8220;50&#8243;][vc_column][vc_empty_space height=&#8220;20px&#8220;][vc_column_text]\n<h1><\/h1>\n<h1 style=\"text-align: center;\"><span style=\"font-size: 36px;\"><strong>Zick Zack Zwiebel<\/strong><\/span><\/h1>\n<h2 style=\"text-align: center;\"><span style=\"color: #c1272d;\">Betty BBQ feat. PARTYTIER<\/span><\/h2>\n<h3>Der erste Partyschlager der Schwarzwald Drag Queen Betty BBQ &#8211; ein Partyhit der Vielfalt!<\/h3>\n<p><strong>Der <a href=\"https:\/\/www.bo.de\/lokales\/ortenau\/betty-bbq-der-fasenthit-2020-kommt-aus-freiburg\">&#8222;Fasenthit 2020&#8220;<\/a>\u00a0! Ausgezeichnet von den H\u00f6rern von\u00a0<a href=\"https:\/\/www.hitradio-ohr.de\/\">Hitradio Ohr.<\/a><\/strong><\/p>\n<p>Seit jeher steht Betty BBQ f\u00fcr eine bunte und offene Heimat in Ihrer Heimatregion, der Schwarzwaldmetropole Freiburg im Breisgau und dem gesamten Schwarzwald. Mit Ihren Slogans &#8222;<strong>Heimat ist nicht nur schwarz-weiss<\/strong>&#8220; und &#8222;<strong>Schwarzwald &#8211; bunter als du denkst<\/strong>&#8220; ist Betty BBQ zur schillernden Ikone einer ganzen neuen, frischen und modernen Schwarzwaldkultur geworden. Es ist an der Zeit, der ganzen Welt diese bunte, moderne, weltoffene und vor allem partyw\u00fctige Region zu pr\u00e4sentieren und einzuladen, hieran teilzunehmen. Mit &#8222;Zick Zack Zwiebel&#8220;, Betty BBQs Partyschlager-Debut, setzt Betty BBQ hierzu einen weiteren Anreiz. Der Party Hit unserer Mutti Freiburgs handelt vom Schwarzwald, Party, gute Laune, Lebensfreude, Vielfalt und nat\u00fcrlich von Betty, Betty BBQ![\/vc_column_text][vc_empty_space height=&#8220;10px&#8220;][\/vc_column][\/vc_row][vc_row max_width=&#8220;30&#8243;][vc_column width=&#8220;1\/4&#8243;][vc_single_image image=&#8220;614&#8243; css_animation=&#8220;bounceInDown&#8220; alignment=&#8220;center&#8220; onclick=&#8220;custom_link&#8220; img_link_target=&#8220;_blank&#8220; link=&#8220;https:\/\/open.spotify.com\/album\/5QtC0qbuBPil5TQ817qtX3&#8243;][\/vc_column][vc_column width=&#8220;1\/4&#8243;][vc_single_image image=&#8220;615&#8243; css_animation=&#8220;bounceInDown&#8220; alignment=&#8220;center&#8220; onclick=&#8220;custom_link&#8220; img_link_target=&#8220;_blank&#8220; link=&#8220;https:\/\/music.apple.com\/de\/album\/zick-zack-zwiebel-feat-partytier-single\/1486955268&#8243;][\/vc_column][vc_column width=&#8220;1\/4&#8243;][vc_single_image image=&#8220;613&#8243; css_animation=&#8220;bounceInDown&#8220; alignment=&#8220;center&#8220; onclick=&#8220;custom_link&#8220; img_link_target=&#8220;_blank&#8220; link=&#8220;https:\/\/www.amazon.de\/Zick-Zack-Zwiebel-Betty-BBQ\/dp\/B0813XJNT9\/ref=sr_1_1?__mk_de_DE=\u00c5M\u00c5\u017d\u00d5\u00d1&amp;keywords=betty+bbq&amp;qid=1573427742&amp;s=dmusic&amp;sr=1-1&amp;tag=amplifylink05-21&#8243;][\/vc_column][vc_column width=&#8220;1\/4&#8243;][vc_single_image image=&#8220;612&#8243; css_animation=&#8220;bounceInDown&#8220; alignment=&#8220;center&#8220; onclick=&#8220;custom_link&#8220; img_link_target=&#8220;_blank&#8220; link=&#8220;https:\/\/youtu.be\/2D1i1e3BWi4&#8243;][\/vc_column][\/vc_row][vc_row max_width=&#8220;50&#8243;][vc_column][vc_video link=&#8220;https:\/\/www.youtube.com\/watch?v=2D1i1e3BWi4&amp;feature=emb_title&#8220; title=&#8220;Zick Zack Zwiebel &#8211; Betty BBQ feat. PARTYTIER&#8220;][vc_empty_space height=&#8220;10px&#8220;][vc_column_text]\n<h3 style=\"text-align: center;\"><span style=\"color: #c1272d;\"><a style=\"color: #c1272d;\" href=\"https:\/\/ampl.ink\/d8pJJ\">&gt;&gt; Verf\u00fcgbar auf allen bekannten Download &amp; Streamingportalen! &lt;&lt;<\/a><\/span><\/h3>\n[\/vc_column_text][vc_empty_space height=&#8220;10px&#8220;][vc_column_text]<span style=\"color: #c1272d; font-size: 14px;\"><strong>Credits:<\/strong><\/span><\/p>\n<p><span style=\"font-size: 12px;\">Titel: Zick Zack Zwiebel<\/span><br \/>\n<span style=\"font-size: 12px;\">Interpreten: Betty BBQ feat. PARTYTIER<\/span><\/p>\n<p>&nbsp;<\/p>\n<p><span style=\"font-size: 12px;\"><strong>Song<\/strong><\/span><br \/>\n<span style=\"font-size: 12px;\">Written by Betty BBQ, Lena Lapschansky, Benjamin Riesterer<\/span><br \/>\n<span style=\"font-size: 12px;\">Composed by Lena Lapschansky, Benjamin Riesterer<\/span><br \/>\n<span style=\"font-size: 12px;\">Produced by Betty BBQ, TONPONY @ TONPONY Studios Emmendingen<\/span><br \/>\n<span style=\"font-size: 12px;\">Published by Betty BBQ Travestie &amp; Entertainment<\/span><br \/>\n<span style=\"font-size: 12px;\">\u2117 Betty BBQ Travestie &amp; Entertainment 2019<\/span><br \/>\n<span style=\"font-size: 12px;\">\u00a9 TONPONY, Betty BBQ<\/span><\/p>\n<p>&nbsp;<\/p>\n<p><span style=\"font-size: 12px;\"><strong>Video<\/strong><\/span><br \/>\n<span style=\"font-size: 12px;\">Produced by Betty BBQ, Behring Film &amp; Klotz Media @ Freiburg &amp; Black Forest<\/span><br \/>\n<span style=\"font-size: 12px;\">Published by Betty BBQ Travestie &amp; Entertainment<\/span><br \/>\n<span style=\"font-size: 12px;\">\u2117 Betty BBQ Travestie &amp; Entertainment 2019<\/span><br \/>\n<span style=\"font-size: 12px;\">\u00a9 Behring Film &amp; Klotz Media, Betty BBQ<\/span><\/p>\n<p>&nbsp;<\/p>\n<p><span style=\"font-size: 12px;\"><strong>Cover\/Design<\/strong><\/span><br \/>\n<span style=\"font-size: 12px;\">\u2117 Betty BBQ Travestie &amp; Entertainment 2019<\/span><br \/>\n<span style=\"font-size: 12px;\">\u00a9 Harry der Zeichner, Foerb&#8217;s Design<\/span><\/p>\n<p>&nbsp;<\/p>\n<p><span style=\"font-size: 12px;\">ISRC DELJ81960915<\/span><br \/>\n<span style=\"font-size: 12px;\">GTIN\/EAN\/UPC 4050215758209<\/span><br \/>\n<span style=\"font-size: 12px;\">GEMA-Werk-Nr. 24060339<\/span><br \/>\n<span style=\"font-size: 12px;\">L\u00e4nge Track 03:28 min<\/span>[\/vc_column_text][\/vc_column][\/vc_row]\n","protected":false},"excerpt":{"rendered":"<p>[vc_section][vc_row][vc_column][vc_single_image image=&#8220;619&#8243; css_animation=&#8220;bounceInDown&#8220;][\/vc_column][\/vc_row][\/vc_section][vc_row max_width=&#8220;50&#8243;][vc_column][vc_empty_space height=&#8220;20px&#8220;][vc_column_text] Zick Zack Zwiebel Betty BBQ feat. PARTYTIER Der erste Partyschlager der Schwarzwald Drag Queen Betty BBQ &#8211; ein Partyhit der Vielfalt! Der &#8222;Fasenthit 2020&#8220;\u00a0! Ausgezeichnet von den H\u00f6rern von\u00a0Hitradio Ohr. Seit jeher steht Betty BBQ&hellip;<\/p>\n","protected":false},"author":1,"featured_media":0,"parent":0,"menu_order":0,"comment_status":"closed","ping_status":"closed","template":"","meta":{"footnotes":""},"class_list":["post-609","page","type-page","status-publish","hentry","entry","no-media"],"yoast_head":"<!-- This site is optimized with the Yoast SEO plugin v27.4 - https:\/\/yoast.com\/product\/yoast-seo-wordpress\/ -->\n<title>Partyschlager - Betty BBQ<\/title>\n<meta name=\"robots\" content=\"index, follow, max-snippet:-1, max-image-preview:large, max-video-preview:-1\" \/>\n<link rel=\"canonical\" href=\"https:\/\/betty-bbq.de\/cms\/partyschlager\/\" \/>\n<meta property=\"og:locale\" content=\"de_DE\" \/>\n<meta property=\"og:type\" content=\"article\" \/>\n<meta property=\"og:title\" content=\"Partyschlager - Betty BBQ\" \/>\n<meta property=\"og:description\" content=\"[vc_section][vc_row][vc_column][vc_single_image image=&#8220;619&#8243; css_animation=&#8220;bounceInDown&#8220;][\/vc_column][\/vc_row][\/vc_section][vc_row max_width=&#8220;50&#8243;][vc_column][vc_empty_space height=&#8220;20px&#8220;][vc_column_text] Zick Zack Zwiebel Betty BBQ feat. PARTYTIER Der erste Partyschlager der Schwarzwald Drag Queen Betty BBQ &#8211; ein Partyhit der Vielfalt! Der &#8222;Fasenthit 2020&#8220;\u00a0! Ausgezeichnet von den H\u00f6rern von\u00a0Hitradio Ohr. Seit jeher steht Betty BBQ&hellip;\" \/>\n<meta property=\"og:url\" content=\"https:\/\/betty-bbq.de\/cms\/partyschlager\/\" \/>\n<meta property=\"og:site_name\" content=\"Betty BBQ\" \/>\n<meta property=\"article:modified_time\" content=\"2020-07-07T07:52:52+00:00\" \/>\n<meta name=\"twitter:card\" content=\"summary_large_image\" \/>\n<meta name=\"twitter:label1\" content=\"Gesch\u00e4tzte Lesezeit\" \/>\n\t<meta name=\"twitter:data1\" content=\"3\u00a0Minuten\" \/>\n<script type=\"application\/ld+json\" class=\"yoast-schema-graph\">{\"@context\":\"https:\\\/\\\/schema.org\",\"@graph\":[{\"@type\":\"WebPage\",\"@id\":\"https:\\\/\\\/betty-bbq.de\\\/cms\\\/partyschlager\\\/\",\"url\":\"https:\\\/\\\/betty-bbq.de\\\/cms\\\/partyschlager\\\/\",\"name\":\"Partyschlager - Betty BBQ\",\"isPartOf\":{\"@id\":\"https:\\\/\\\/betty-bbq.de\\\/cms\\\/#website\"},\"datePublished\":\"2019-11-11T09:04:52+00:00\",\"dateModified\":\"2020-07-07T07:52:52+00:00\",\"breadcrumb\":{\"@id\":\"https:\\\/\\\/betty-bbq.de\\\/cms\\\/partyschlager\\\/#breadcrumb\"},\"inLanguage\":\"de\",\"potentialAction\":[{\"@type\":\"ReadAction\",\"target\":[\"https:\\\/\\\/betty-bbq.de\\\/cms\\\/partyschlager\\\/\"]}]},{\"@type\":\"BreadcrumbList\",\"@id\":\"https:\\\/\\\/betty-bbq.de\\\/cms\\\/partyschlager\\\/#breadcrumb\",\"itemListElement\":[{\"@type\":\"ListItem\",\"position\":1,\"name\":\"Startseite\",\"item\":\"https:\\\/\\\/betty-bbq.de\\\/cms\\\/\"},{\"@type\":\"ListItem\",\"position\":2,\"name\":\"Partyschlager\"}]},{\"@type\":\"WebSite\",\"@id\":\"https:\\\/\\\/betty-bbq.de\\\/cms\\\/#website\",\"url\":\"https:\\\/\\\/betty-bbq.de\\\/cms\\\/\",\"name\":\"Fr\u00e4ulein Betty BBQ - Schwarzwald Drag Queen, Schorlek\u00f6nigin, Entertainerin\",\"description\":\"Betty BBQ Travestie &amp; Entertainment\",\"publisher\":{\"@id\":\"https:\\\/\\\/betty-bbq.de\\\/cms\\\/#\\\/schema\\\/person\\\/6e6c45463a3cf44a5334be285fffb4b1\"},\"potentialAction\":[{\"@type\":\"SearchAction\",\"target\":{\"@type\":\"EntryPoint\",\"urlTemplate\":\"https:\\\/\\\/betty-bbq.de\\\/cms\\\/?s={search_term_string}\"},\"query-input\":{\"@type\":\"PropertyValueSpecification\",\"valueRequired\":true,\"valueName\":\"search_term_string\"}}],\"inLanguage\":\"de\"},{\"@type\":[\"Person\",\"Organization\"],\"@id\":\"https:\\\/\\\/betty-bbq.de\\\/cms\\\/#\\\/schema\\\/person\\\/6e6c45463a3cf44a5334be285fffb4b1\",\"name\":\"Betty BBQ\",\"image\":{\"@type\":\"ImageObject\",\"inLanguage\":\"de\",\"@id\":\"https:\\\/\\\/betty-bbq.de\\\/cms\\\/wp-content\\\/uploads\\\/2018\\\/10\\\/BettyBBQ-Logo.png\",\"url\":\"https:\\\/\\\/betty-bbq.de\\\/cms\\\/wp-content\\\/uploads\\\/2018\\\/10\\\/BettyBBQ-Logo.png\",\"contentUrl\":\"https:\\\/\\\/betty-bbq.de\\\/cms\\\/wp-content\\\/uploads\\\/2018\\\/10\\\/BettyBBQ-Logo.png\",\"width\":365,\"height\":365,\"caption\":\"Betty BBQ\"},\"logo\":{\"@id\":\"https:\\\/\\\/betty-bbq.de\\\/cms\\\/wp-content\\\/uploads\\\/2018\\\/10\\\/BettyBBQ-Logo.png\"},\"sameAs\":[\"http:\\\/\\\/www.betty-bbq.de\"]}]}<\/script>\n<!-- \/ Yoast SEO plugin. -->","yoast_head_json":{"title":"Partyschlager - Betty BBQ","robots":{"index":"index","follow":"follow","max-snippet":"max-snippet:-1","max-image-preview":"max-image-preview:large","max-video-preview":"max-video-preview:-1"},"canonical":"https:\/\/betty-bbq.de\/cms\/partyschlager\/","og_locale":"de_DE","og_type":"article","og_title":"Partyschlager - Betty BBQ","og_description":"[vc_section][vc_row][vc_column][vc_single_image image=&#8220;619&#8243; css_animation=&#8220;bounceInDown&#8220;][\/vc_column][\/vc_row][\/vc_section][vc_row max_width=&#8220;50&#8243;][vc_column][vc_empty_space height=&#8220;20px&#8220;][vc_column_text] Zick Zack Zwiebel Betty BBQ feat. PARTYTIER Der erste Partyschlager der Schwarzwald Drag Queen Betty BBQ &#8211; ein Partyhit der Vielfalt! Der &#8222;Fasenthit 2020&#8220;\u00a0! Ausgezeichnet von den H\u00f6rern von\u00a0Hitradio Ohr. Seit jeher steht Betty BBQ&hellip;","og_url":"https:\/\/betty-bbq.de\/cms\/partyschlager\/","og_site_name":"Betty BBQ","article_modified_time":"2020-07-07T07:52:52+00:00","twitter_card":"summary_large_image","twitter_misc":{"Gesch\u00e4tzte Lesezeit":"3\u00a0Minuten"},"schema":{"@context":"https:\/\/schema.org","@graph":[{"@type":"WebPage","@id":"https:\/\/betty-bbq.de\/cms\/partyschlager\/","url":"https:\/\/betty-bbq.de\/cms\/partyschlager\/","name":"Partyschlager - Betty BBQ","isPartOf":{"@id":"https:\/\/betty-bbq.de\/cms\/#website"},"datePublished":"2019-11-11T09:04:52+00:00","dateModified":"2020-07-07T07:52:52+00:00","breadcrumb":{"@id":"https:\/\/betty-bbq.de\/cms\/partyschlager\/#breadcrumb"},"inLanguage":"de","potentialAction":[{"@type":"ReadAction","target":["https:\/\/betty-bbq.de\/cms\/partyschlager\/"]}]},{"@type":"BreadcrumbList","@id":"https:\/\/betty-bbq.de\/cms\/partyschlager\/#breadcrumb","itemListElement":[{"@type":"ListItem","position":1,"name":"Startseite","item":"https:\/\/betty-bbq.de\/cms\/"},{"@type":"ListItem","position":2,"name":"Partyschlager"}]},{"@type":"WebSite","@id":"https:\/\/betty-bbq.de\/cms\/#website","url":"https:\/\/betty-bbq.de\/cms\/","name":"Fr\u00e4ulein Betty BBQ - Schwarzwald Drag Queen, Schorlek\u00f6nigin, Entertainerin","description":"Betty BBQ Travestie &amp; Entertainment","publisher":{"@id":"https:\/\/betty-bbq.de\/cms\/#\/schema\/person\/6e6c45463a3cf44a5334be285fffb4b1"},"potentialAction":[{"@type":"SearchAction","target":{"@type":"EntryPoint","urlTemplate":"https:\/\/betty-bbq.de\/cms\/?s={search_term_string}"},"query-input":{"@type":"PropertyValueSpecification","valueRequired":true,"valueName":"search_term_string"}}],"inLanguage":"de"},{"@type":["Person","Organization"],"@id":"https:\/\/betty-bbq.de\/cms\/#\/schema\/person\/6e6c45463a3cf44a5334be285fffb4b1","name":"Betty BBQ","image":{"@type":"ImageObject","inLanguage":"de","@id":"https:\/\/betty-bbq.de\/cms\/wp-content\/uploads\/2018\/10\/BettyBBQ-Logo.png","url":"https:\/\/betty-bbq.de\/cms\/wp-content\/uploads\/2018\/10\/BettyBBQ-Logo.png","contentUrl":"https:\/\/betty-bbq.de\/cms\/wp-content\/uploads\/2018\/10\/BettyBBQ-Logo.png","width":365,"height":365,"caption":"Betty BBQ"},"logo":{"@id":"https:\/\/betty-bbq.de\/cms\/wp-content\/uploads\/2018\/10\/BettyBBQ-Logo.png"},"sameAs":["http:\/\/www.betty-bbq.de"]}]}},"jetpack_sharing_enabled":true,"_links":{"self":[{"href":"https:\/\/betty-bbq.de\/cms\/wp-json\/wp\/v2\/pages\/609","targetHints":{"allow":["GET"]}}],"collection":[{"href":"https:\/\/betty-bbq.de\/cms\/wp-json\/wp\/v2\/pages"}],"about":[{"href":"https:\/\/betty-bbq.de\/cms\/wp-json\/wp\/v2\/types\/page"}],"author":[{"embeddable":true,"href":"https:\/\/betty-bbq.de\/cms\/wp-json\/wp\/v2\/users\/1"}],"replies":[{"embeddable":true,"href":"https:\/\/betty-bbq.de\/cms\/wp-json\/wp\/v2\/comments?post=609"}],"version-history":[{"count":17,"href":"https:\/\/betty-bbq.de\/cms\/wp-json\/wp\/v2\/pages\/609\/revisions"}],"predecessor-version":[{"id":1158,"href":"https:\/\/betty-bbq.de\/cms\/wp-json\/wp\/v2\/pages\/609\/revisions\/1158"}],"wp:attachment":[{"href":"https:\/\/betty-bbq.de\/cms\/wp-json\/wp\/v2\/media?parent=609"}],"curies":[{"name":"wp","href":"https:\/\/api.w.org\/{rel}","templated":true}]}}