{"id":466,"date":"2019-04-13T17:29:29","date_gmt":"2019-04-13T15:29:29","guid":{"rendered":"https:\/\/betty-bbq.com\/cms\/?page_id=466"},"modified":"2020-07-07T09:56:08","modified_gmt":"2020-07-07T07:56:08","slug":"menage-a-trois","status":"publish","type":"page","link":"https:\/\/betty-bbq.de\/cms\/menage-a-trois\/","title":{"rendered":"M\u00c9NAGE \u00c0 TROIS"},"content":{"rendered":"[vc_row][vc_column][vc_single_image image=&#8220;469&#8243; css_animation=&#8220;bounceInDown&#8220; alignment=&#8220;center&#8220;][\/vc_column][\/vc_row][vc_row max_width=&#8220;50&#8243;][vc_column][vc_column_text]\n<h1><span style=\"font-size: 36px; color: #c1272d;\"><strong>M\u00e9nage \u00e0 Trois &#8211; by Betty BBQ &#8211; 4i\u00e8me \u00c9dition<\/strong><\/span><\/h1>\n<h2><span style=\"font-size: 18px; color: #c1272d;\"><strong>SA. 01.02.2020 ab 23 Uhr<\/strong><\/span><\/h2>\n<h2><span style=\"color: #993300;\"><a style=\"color: #993300;\" href=\"https:\/\/www.heimatbasel.ch\/events-2019\/bettybbq-j8wky\"><span style=\"font-size: 18px;\"><strong><span style=\"color: #c1272d;\">HEIMAT &#8211; Bar, Club, Stage, Restaurant &#8211; Erlenstra\u00dfe 59, Basel, Schweiz<\/span><\/strong><\/span><\/a><\/span><\/h2>\n<p><span style=\"color: #000000;\">Host <strong>Betty BBQ<\/strong> (Black Forest)<\/span><\/p>\n<p>Show <strong>Emily Island <\/strong>(Stuttgart)<\/p>\n<p><span style=\"color: #000000;\">Music <strong>DJ<\/strong>\u00a0<strong>BVDZH\u00a0<\/strong>(Freiburg)\u00a0<em>Mashup Dance House Electro Classics<\/em><\/span><\/p>\n<p><span style=\"font-size: 18px; color: #000000;\"><strong>Welcome Shot | Welcome Sekt bis 0 Uhr | Fr\u00fchst\u00fccksbuffet ab 3 Uhr<\/strong><\/span>[\/vc_column_text][vc_empty_space][vc_single_image image=&#8220;703&#8243; css_animation=&#8220;bounceInDown&#8220; alignment=&#8220;center&#8220;][vc_empty_space][vc_column_text]\n<div><strong>Die Partyreihe \u201eM\u00e9nage \u00e0 trois by Betty BBQ\u201c ist die Party der Vielfalt: Hauptsache, du bist ein offen(herzig)er Mensch!\u00a0<\/strong><\/div>\n<div><\/div>\n<p>Betty BBQs Motto seit jeher ist: &#8222;Heimat ist nicht nur schwarz-wei\u00df&#8220;. Dies greift die sympathische Schwarzwald Drag Queen Betty BBQ in der Kooperation mit der <a href=\"https:\/\/www.heimatbasel.ch\/events-2019\/bettybbq\">HEIMAT Basel<\/a> auf und so erleben wir eine wunderbare Symbiose: Niemand soll HEIMATlos sein, wir erleben eine HEIMAT f\u00fcr alle.<\/p>\n<p><span style=\"color: #808080; font-size: 18px;\"><b>HEIMAT ist in unserer mobilen Welt zu einem diffusen Gef\u00fchl geworden <\/b><\/span><\/p>\n<p><span style=\"color: #808080; font-size: 18px;\"><b>&#8211; doch wir brauchen so einen Ort zum Gl\u00fccklichwerden.<\/b><\/span><\/p>\n<div>Betty BBQ als Host der Partyreihe l\u00e4dt Besucher aus der der Schweiz, Deutschland und Frankreich nach Basel ein. Ausgew\u00e4hlte, renommierte DJs sorgen f\u00fcr beste Kl\u00e4nge bis in den Morgengrauen! Gemeinsam mit bew\u00e4hrten und renommierten Drag-Kolleginnen und Show Acts verspricht euch die Schwarzwald Drag Queen einen unvergesslichen Abend. An der T\u00fcr begr\u00fc\u00dft euch Betty BBQ bis Mitternacht mit einem Shot und sorgt hier schon f\u00fcr die richtige Einstimmung.<\/div>\n<div><\/div>\n<div>Sei bereit und finde deine neue <a href=\"https:\/\/www.heimatbasel.ch\/events-2019\/bettybbq\">HEIMAT<\/a> der Partyszene!<\/div>\n<div><\/div>\n<div><\/div>\n<div><\/div>\n<div>Die Veranstaltung auf Facebook:<\/div>\n[\/vc_column_text][vc_empty_space][vc_single_image image=&#8220;119&#8243; img_size=&#8220;medium&#8220; css_animation=&#8220;bounceIn&#8220; alignment=&#8220;center&#8220; onclick=&#8220;custom_link&#8220; img_link_target=&#8220;_blank&#8220; link=&#8220;https:\/\/www.facebook.com\/events\/493067484814549\/&#8220;][vc_empty_space][vc_empty_space][vc_single_image image=&#8220;470&#8243; img_size=&#8220;large&#8220; css_animation=&#8220;flipInX&#8220; alignment=&#8220;center&#8220;][\/vc_column][\/vc_row][vc_row][vc_column][\/vc_column][\/vc_row]\n","protected":false},"excerpt":{"rendered":"<p>[vc_row][vc_column][vc_single_image image=&#8220;469&#8243; css_animation=&#8220;bounceInDown&#8220; alignment=&#8220;center&#8220;][\/vc_column][\/vc_row][vc_row max_width=&#8220;50&#8243;][vc_column][vc_column_text] M\u00e9nage \u00e0 Trois &#8211; by Betty BBQ &#8211; 4i\u00e8me \u00c9dition SA. 01.02.2020 ab 23 Uhr HEIMAT &#8211; Bar, Club, Stage, Restaurant &#8211; Erlenstra\u00dfe 59, Basel, Schweiz Host Betty BBQ (Black Forest) Show Emily Island (Stuttgart)&hellip;<\/p>\n","protected":false},"author":1,"featured_media":0,"parent":0,"menu_order":0,"comment_status":"closed","ping_status":"closed","template":"","meta":{"footnotes":""},"class_list":["post-466","page","type-page","status-publish","hentry","entry","no-media"],"yoast_head":"<!-- This site is optimized with the Yoast SEO plugin v27.4 - https:\/\/yoast.com\/product\/yoast-seo-wordpress\/ -->\n<title>M\u00c9NAGE \u00c0 TROIS - Betty BBQ<\/title>\n<meta name=\"robots\" content=\"index, follow, max-snippet:-1, max-image-preview:large, max-video-preview:-1\" \/>\n<link rel=\"canonical\" href=\"https:\/\/betty-bbq.de\/cms\/menage-a-trois\/\" \/>\n<meta property=\"og:locale\" content=\"de_DE\" \/>\n<meta property=\"og:type\" content=\"article\" \/>\n<meta property=\"og:title\" content=\"M\u00c9NAGE \u00c0 TROIS - Betty BBQ\" \/>\n<meta property=\"og:description\" content=\"[vc_row][vc_column][vc_single_image image=&#8220;469&#8243; css_animation=&#8220;bounceInDown&#8220; alignment=&#8220;center&#8220;][\/vc_column][\/vc_row][vc_row max_width=&#8220;50&#8243;][vc_column][vc_column_text] M\u00e9nage \u00e0 Trois &#8211; by Betty BBQ &#8211; 4i\u00e8me \u00c9dition SA. 01.02.2020 ab 23 Uhr HEIMAT &#8211; Bar, Club, Stage, Restaurant &#8211; Erlenstra\u00dfe 59, Basel, Schweiz Host Betty BBQ (Black Forest) Show Emily Island (Stuttgart)&hellip;\" \/>\n<meta property=\"og:url\" content=\"https:\/\/betty-bbq.de\/cms\/menage-a-trois\/\" \/>\n<meta property=\"og:site_name\" content=\"Betty BBQ\" \/>\n<meta property=\"article:modified_time\" content=\"2020-07-07T07:56:08+00:00\" \/>\n<meta name=\"twitter:card\" content=\"summary_large_image\" \/>\n<meta name=\"twitter:label1\" content=\"Gesch\u00e4tzte Lesezeit\" \/>\n\t<meta name=\"twitter:data1\" content=\"2\u00a0Minuten\" \/>\n<script type=\"application\/ld+json\" class=\"yoast-schema-graph\">{\"@context\":\"https:\\\/\\\/schema.org\",\"@graph\":[{\"@type\":\"WebPage\",\"@id\":\"https:\\\/\\\/betty-bbq.de\\\/cms\\\/menage-a-trois\\\/\",\"url\":\"https:\\\/\\\/betty-bbq.de\\\/cms\\\/menage-a-trois\\\/\",\"name\":\"M\u00c9NAGE \u00c0 TROIS - Betty BBQ\",\"isPartOf\":{\"@id\":\"https:\\\/\\\/betty-bbq.de\\\/cms\\\/#website\"},\"datePublished\":\"2019-04-13T15:29:29+00:00\",\"dateModified\":\"2020-07-07T07:56:08+00:00\",\"breadcrumb\":{\"@id\":\"https:\\\/\\\/betty-bbq.de\\\/cms\\\/menage-a-trois\\\/#breadcrumb\"},\"inLanguage\":\"de\",\"potentialAction\":[{\"@type\":\"ReadAction\",\"target\":[\"https:\\\/\\\/betty-bbq.de\\\/cms\\\/menage-a-trois\\\/\"]}]},{\"@type\":\"BreadcrumbList\",\"@id\":\"https:\\\/\\\/betty-bbq.de\\\/cms\\\/menage-a-trois\\\/#breadcrumb\",\"itemListElement\":[{\"@type\":\"ListItem\",\"position\":1,\"name\":\"Startseite\",\"item\":\"https:\\\/\\\/betty-bbq.de\\\/cms\\\/\"},{\"@type\":\"ListItem\",\"position\":2,\"name\":\"M\u00c9NAGE \u00c0 TROIS\"}]},{\"@type\":\"WebSite\",\"@id\":\"https:\\\/\\\/betty-bbq.de\\\/cms\\\/#website\",\"url\":\"https:\\\/\\\/betty-bbq.de\\\/cms\\\/\",\"name\":\"Fr\u00e4ulein Betty BBQ - Schwarzwald Drag Queen, Schorlek\u00f6nigin, Entertainerin\",\"description\":\"Betty BBQ Travestie &amp; Entertainment\",\"publisher\":{\"@id\":\"https:\\\/\\\/betty-bbq.de\\\/cms\\\/#\\\/schema\\\/person\\\/6e6c45463a3cf44a5334be285fffb4b1\"},\"potentialAction\":[{\"@type\":\"SearchAction\",\"target\":{\"@type\":\"EntryPoint\",\"urlTemplate\":\"https:\\\/\\\/betty-bbq.de\\\/cms\\\/?s={search_term_string}\"},\"query-input\":{\"@type\":\"PropertyValueSpecification\",\"valueRequired\":true,\"valueName\":\"search_term_string\"}}],\"inLanguage\":\"de\"},{\"@type\":[\"Person\",\"Organization\"],\"@id\":\"https:\\\/\\\/betty-bbq.de\\\/cms\\\/#\\\/schema\\\/person\\\/6e6c45463a3cf44a5334be285fffb4b1\",\"name\":\"Betty BBQ\",\"image\":{\"@type\":\"ImageObject\",\"inLanguage\":\"de\",\"@id\":\"https:\\\/\\\/betty-bbq.de\\\/cms\\\/wp-content\\\/uploads\\\/2018\\\/10\\\/BettyBBQ-Logo.png\",\"url\":\"https:\\\/\\\/betty-bbq.de\\\/cms\\\/wp-content\\\/uploads\\\/2018\\\/10\\\/BettyBBQ-Logo.png\",\"contentUrl\":\"https:\\\/\\\/betty-bbq.de\\\/cms\\\/wp-content\\\/uploads\\\/2018\\\/10\\\/BettyBBQ-Logo.png\",\"width\":365,\"height\":365,\"caption\":\"Betty BBQ\"},\"logo\":{\"@id\":\"https:\\\/\\\/betty-bbq.de\\\/cms\\\/wp-content\\\/uploads\\\/2018\\\/10\\\/BettyBBQ-Logo.png\"},\"sameAs\":[\"http:\\\/\\\/www.betty-bbq.de\"]}]}<\/script>\n<!-- \/ Yoast SEO plugin. -->","yoast_head_json":{"title":"M\u00c9NAGE \u00c0 TROIS - Betty BBQ","robots":{"index":"index","follow":"follow","max-snippet":"max-snippet:-1","max-image-preview":"max-image-preview:large","max-video-preview":"max-video-preview:-1"},"canonical":"https:\/\/betty-bbq.de\/cms\/menage-a-trois\/","og_locale":"de_DE","og_type":"article","og_title":"M\u00c9NAGE \u00c0 TROIS - Betty BBQ","og_description":"[vc_row][vc_column][vc_single_image image=&#8220;469&#8243; css_animation=&#8220;bounceInDown&#8220; alignment=&#8220;center&#8220;][\/vc_column][\/vc_row][vc_row max_width=&#8220;50&#8243;][vc_column][vc_column_text] M\u00e9nage \u00e0 Trois &#8211; by Betty BBQ &#8211; 4i\u00e8me \u00c9dition SA. 01.02.2020 ab 23 Uhr HEIMAT &#8211; Bar, Club, Stage, Restaurant &#8211; Erlenstra\u00dfe 59, Basel, Schweiz Host Betty BBQ (Black Forest) Show Emily Island (Stuttgart)&hellip;","og_url":"https:\/\/betty-bbq.de\/cms\/menage-a-trois\/","og_site_name":"Betty BBQ","article_modified_time":"2020-07-07T07:56:08+00:00","twitter_card":"summary_large_image","twitter_misc":{"Gesch\u00e4tzte Lesezeit":"2\u00a0Minuten"},"schema":{"@context":"https:\/\/schema.org","@graph":[{"@type":"WebPage","@id":"https:\/\/betty-bbq.de\/cms\/menage-a-trois\/","url":"https:\/\/betty-bbq.de\/cms\/menage-a-trois\/","name":"M\u00c9NAGE \u00c0 TROIS - Betty BBQ","isPartOf":{"@id":"https:\/\/betty-bbq.de\/cms\/#website"},"datePublished":"2019-04-13T15:29:29+00:00","dateModified":"2020-07-07T07:56:08+00:00","breadcrumb":{"@id":"https:\/\/betty-bbq.de\/cms\/menage-a-trois\/#breadcrumb"},"inLanguage":"de","potentialAction":[{"@type":"ReadAction","target":["https:\/\/betty-bbq.de\/cms\/menage-a-trois\/"]}]},{"@type":"BreadcrumbList","@id":"https:\/\/betty-bbq.de\/cms\/menage-a-trois\/#breadcrumb","itemListElement":[{"@type":"ListItem","position":1,"name":"Startseite","item":"https:\/\/betty-bbq.de\/cms\/"},{"@type":"ListItem","position":2,"name":"M\u00c9NAGE \u00c0 TROIS"}]},{"@type":"WebSite","@id":"https:\/\/betty-bbq.de\/cms\/#website","url":"https:\/\/betty-bbq.de\/cms\/","name":"Fr\u00e4ulein Betty BBQ - Schwarzwald Drag Queen, Schorlek\u00f6nigin, Entertainerin","description":"Betty BBQ Travestie &amp; Entertainment","publisher":{"@id":"https:\/\/betty-bbq.de\/cms\/#\/schema\/person\/6e6c45463a3cf44a5334be285fffb4b1"},"potentialAction":[{"@type":"SearchAction","target":{"@type":"EntryPoint","urlTemplate":"https:\/\/betty-bbq.de\/cms\/?s={search_term_string}"},"query-input":{"@type":"PropertyValueSpecification","valueRequired":true,"valueName":"search_term_string"}}],"inLanguage":"de"},{"@type":["Person","Organization"],"@id":"https:\/\/betty-bbq.de\/cms\/#\/schema\/person\/6e6c45463a3cf44a5334be285fffb4b1","name":"Betty BBQ","image":{"@type":"ImageObject","inLanguage":"de","@id":"https:\/\/betty-bbq.de\/cms\/wp-content\/uploads\/2018\/10\/BettyBBQ-Logo.png","url":"https:\/\/betty-bbq.de\/cms\/wp-content\/uploads\/2018\/10\/BettyBBQ-Logo.png","contentUrl":"https:\/\/betty-bbq.de\/cms\/wp-content\/uploads\/2018\/10\/BettyBBQ-Logo.png","width":365,"height":365,"caption":"Betty BBQ"},"logo":{"@id":"https:\/\/betty-bbq.de\/cms\/wp-content\/uploads\/2018\/10\/BettyBBQ-Logo.png"},"sameAs":["http:\/\/www.betty-bbq.de"]}]}},"jetpack_sharing_enabled":true,"_links":{"self":[{"href":"https:\/\/betty-bbq.de\/cms\/wp-json\/wp\/v2\/pages\/466","targetHints":{"allow":["GET"]}}],"collection":[{"href":"https:\/\/betty-bbq.de\/cms\/wp-json\/wp\/v2\/pages"}],"about":[{"href":"https:\/\/betty-bbq.de\/cms\/wp-json\/wp\/v2\/types\/page"}],"author":[{"embeddable":true,"href":"https:\/\/betty-bbq.de\/cms\/wp-json\/wp\/v2\/users\/1"}],"replies":[{"embeddable":true,"href":"https:\/\/betty-bbq.de\/cms\/wp-json\/wp\/v2\/comments?post=466"}],"version-history":[{"count":33,"href":"https:\/\/betty-bbq.de\/cms\/wp-json\/wp\/v2\/pages\/466\/revisions"}],"predecessor-version":[{"id":769,"href":"https:\/\/betty-bbq.de\/cms\/wp-json\/wp\/v2\/pages\/466\/revisions\/769"}],"wp:attachment":[{"href":"https:\/\/betty-bbq.de\/cms\/wp-json\/wp\/v2\/media?parent=466"}],"curies":[{"name":"wp","href":"https:\/\/api.w.org\/{rel}","templated":true}]}}