{"id":1808,"date":"2021-09-17T11:34:36","date_gmt":"2021-09-17T09:34:36","guid":{"rendered":"https:\/\/betty-bbq.com\/cms\/?page_id=1808"},"modified":"2022-03-17T00:46:37","modified_gmt":"2022-03-16T23:46:37","slug":"baechleputzer-stocky","status":"publish","type":"page","link":"https:\/\/betty-bbq.de\/cms\/baechleputzer-stocky\/","title":{"rendered":"B\u00e4chleputzer Stocky"},"content":{"rendered":"[vc_row][vc_column][vc_single_image image=&#8220;1798&#8243;][\/vc_column][\/vc_row][vc_row max_width=&#8220;50&#8243;][vc_column][vc_empty_space height=&#8220;40&#8243;][vc_column_text]\n<h1 class=\"basecontent-headline\"><span style=\"font-size: 18px;\">B\u00e4chleputzer Stocky<\/span><\/h1>\n<p class=\"basecontent-line-break-text\">Die Freiburger B\u00e4chle als historisches Be- und Entw\u00e4sserungssystem \u2013 eine Innovation aus und im Mittelalter \u2013 sind Arbeitsplatz von Alain, unserem echten \u201cB\u00e4chleputzer\u201d, welcher von den Freiburgern liebevoll \u201cStocky\u201d genannt wird. Wer Stocky sprechen h\u00f6rt, der wei\u00df: \u201cDer isch von hier.\u201d Stocky spricht Alemannisch &#8211; und ebenso ehrlich und direkt ist der langj\u00e4hrige Mitarbeiter der Abfallwirtschaft u. Stadtreinigung Freiburg GmbH (ASF Freiburg). Seit nun \u00fcber 20 Jahren arbeitet er bei der ASF, hierbei seit nun mehr als 10 Jahren ist er den bei der ASF angesiedelten \u201cFreiburger B\u00e4chleputzer\u201d zugeordnet. Als Vorarbeiter ist er hierbei insbesondere f\u00fcr das Team und Reinigung und Wartung der Freiburger B\u00e4chle zust\u00e4ndig.<\/p>\n<p class=\"basecontent-line-break-text\">Betty BBQ und Stocky haben sich im Rahmen des Freiburger Stadtjubil\u00e4ums 900+1 in den Jahren 2020\/2021 kennen und zu sch\u00e4tzen gelernt &#8211; hieraus ist eine Freundschaft entstanden &#8211; und die Idee, die Freiburger B\u00e4chle f\u00fcr Interessierte mit einer City-Tour erlebbar und \u201cversteh-bar\u201d zu machen.<\/p>\n<p>So freuen wir uns wie Bolle, dass wir seit 2021 im City Touren-Programm mit freundlicher Unterst\u00fctzung der Abfallwirtschaft u. Stadtreinigung Freiburg GmbH (ASF Freiburg) anbieten k\u00f6nnen:<\/p>\n<p style=\"text-align: center;\"><span style=\"color: #000000;\"><a style=\"color: #000000;\" href=\"https:\/\/betty-bbq.com\/cms\/city-guide-touren\/baechle-spaziergang\/\" target=\"_blank\" rel=\"noopener\"><strong>&gt;&gt; STOCKY\u2019S B\u00c4CHLE-SPAZIERGANG &#8211; Die B\u00e4chleputzer City-Tour \u2013 mit Stocky, dem originalen B\u00e4chleputzer! &lt;&lt;<\/strong><\/a><\/span><\/p>\n<p>&nbsp;<\/p>\n<p>&nbsp;<\/p>\n<h1><\/h1>\n<h1 style=\"text-align: center;\"><span class=\"text-highlight\" style=\"color: #000000;\">Bekannt aus TV und Rundfunk!<\/span><\/h1>\n<p class=\"topline\" style=\"text-align: center;\"><span class=\"text-highlight\" style=\"color: #000000;\">SWR-Fernsehen vom 16.03.2022.<\/span><\/p>\n<p class=\"topline\" style=\"text-align: center;\">EINZIGARTIGE STADTF\u00dcHRUNG F\u00dcR TOURISTEN UND EINHEIMISCHE<\/p>\n<h1 class=\"headline\" style=\"text-align: center;\">Mit dem B\u00e4chleputzer auf Tour durch Freiburg<\/h1>\n<p style=\"text-align: center;\">Stocky hat einen seltenen Beruf. Er ist B\u00e4chleputzer.<\/p>\n<p style=\"text-align: center;\">Und den gibt es eigentlich nur in Freiburg und passend dazu eine ungew\u00f6hnliche Stadtf\u00fchrung: Die Original B\u00e4chleputzer-Tour.<\/p>\n<p style=\"text-align: center;\"><span class=\"text-highlight\" style=\"color: #000000;\">Der vollst\u00e4ndige Beitrag und <a href=\"https:\/\/www.swr.de\/swraktuell\/baden-wuerttemberg\/suedbaden\/baechleputzer-tour-freiburg-100.html\"><strong>Videobeitrag<\/strong><\/a> des SWR ist abzurufen auf der <strong><a style=\"color: #000000;\" href=\"https:\/\/www.swr.de\/swraktuell\/baden-wuerttemberg\/suedbaden\/baechleputzer-tour-freiburg-100.html\">SWR-Website<\/a>.<\/strong><\/span><\/p>\n<p>&nbsp;<\/p>\n<p>&nbsp;<\/p>\n<p>&nbsp;<\/p>\n<p class=\"basecontent-line-break-text\" style=\"text-align: center;\"><span style=\"color: #800000;\"><strong>Besuchen Sie B\u00e4chleputzer Stocky auf gerne auch <\/strong><\/span><\/p>\n<p class=\"basecontent-line-break-text\" style=\"text-align: center;\"><strong>auf<a href=\"https:\/\/www.instagram.com\/baechleputzerstocky\/\">\u00a0<em>Instagram<\/em><\/a> &amp; auf seiner <a href=\"https:\/\/freiburger-baechleputzer.de\/\"><em>Website<\/em><\/a>!<\/strong><\/p>\n<p>&nbsp;<\/p>\n<p>&nbsp;<\/p>\n<p style=\"padding-left: 40px; text-align: center;\"><strong><span style=\"color: #993300;\">Wir bedanken uns f\u00fcr die zur Verf\u00fcgung gestellten tollen Grafiken und Zeichnungen zu dieser City-Tour herzlich beim wundervollen <a style=\"color: #993300;\" href=\"https:\/\/www.harryderzeichner.de\/\">Harry der Zeichner<\/a>!<\/span><\/strong><\/p>\n<p style=\"padding-left: 40px; text-align: center;\"><strong><span style=\"color: #993300;\">Als Zeichner bietet Harry der Zeichner h\u00f6chste Qualit\u00e4t, ob als Schnellzeichner oder als Auftragsk\u00fcnstler ,vor Ort bei Ihnen oder in seinem Zeichenstudio. Lernen Sie Ihn und seine Arbeit gerne kennen: <a style=\"color: #993300;\" href=\"https:\/\/www.harryderzeichner.de\/\">Website Harry der Zeichner<\/a>.<\/span><\/strong><\/p>\n[\/vc_column_text][vc_empty_space height=&#8220;40&#8243;][vc_single_image image=&#8220;1826&#8243; onclick=&#8220;custom_link&#8220; img_link_target=&#8220;_blank&#8220; link=&#8220;https:\/\/betty-bbq.com\/cms\/city-guide-touren\/baechle-spaziergang\/&#8220;][vc_empty_space height=&#8220;40&#8243;][\/vc_column][\/vc_row]\n","protected":false},"excerpt":{"rendered":"<p>[vc_row][vc_column][vc_single_image image=&#8220;1798&#8243;][\/vc_column][\/vc_row][vc_row max_width=&#8220;50&#8243;][vc_column][vc_empty_space height=&#8220;40&#8243;][vc_column_text] B\u00e4chleputzer Stocky Die Freiburger B\u00e4chle als historisches Be- und Entw\u00e4sserungssystem \u2013 eine Innovation aus und im Mittelalter \u2013 sind Arbeitsplatz von Alain, unserem echten \u201cB\u00e4chleputzer\u201d, welcher von den Freiburgern liebevoll \u201cStocky\u201d genannt wird. Wer Stocky sprechen&hellip;<\/p>\n","protected":false},"author":1,"featured_media":0,"parent":0,"menu_order":0,"comment_status":"closed","ping_status":"closed","template":"","meta":{"footnotes":""},"class_list":["post-1808","page","type-page","status-publish","hentry","entry","no-media"],"yoast_head":"<!-- This site is optimized with the Yoast SEO plugin v27.5 - https:\/\/yoast.com\/product\/yoast-seo-wordpress\/ -->\n<title>B\u00e4chleputzer Stocky - Betty BBQ<\/title>\n<meta name=\"robots\" content=\"index, follow, max-snippet:-1, max-image-preview:large, max-video-preview:-1\" \/>\n<link rel=\"canonical\" href=\"https:\/\/betty-bbq.de\/cms\/baechleputzer-stocky\/\" \/>\n<meta property=\"og:locale\" content=\"de_DE\" \/>\n<meta property=\"og:type\" content=\"article\" \/>\n<meta property=\"og:title\" content=\"B\u00e4chleputzer Stocky - Betty BBQ\" \/>\n<meta property=\"og:description\" content=\"[vc_row][vc_column][vc_single_image image=&#8220;1798&#8243;][\/vc_column][\/vc_row][vc_row max_width=&#8220;50&#8243;][vc_column][vc_empty_space height=&#8220;40&#8243;][vc_column_text] B\u00e4chleputzer Stocky Die Freiburger B\u00e4chle als historisches Be- und Entw\u00e4sserungssystem \u2013 eine Innovation aus und im Mittelalter \u2013 sind Arbeitsplatz von Alain, unserem echten \u201cB\u00e4chleputzer\u201d, welcher von den Freiburgern liebevoll \u201cStocky\u201d genannt wird. Wer Stocky sprechen&hellip;\" \/>\n<meta property=\"og:url\" content=\"https:\/\/betty-bbq.de\/cms\/baechleputzer-stocky\/\" \/>\n<meta property=\"og:site_name\" content=\"Betty BBQ\" \/>\n<meta property=\"article:modified_time\" content=\"2022-03-16T23:46:37+00:00\" \/>\n<meta name=\"twitter:card\" content=\"summary_large_image\" \/>\n<meta name=\"twitter:label1\" content=\"Gesch\u00e4tzte Lesezeit\" \/>\n\t<meta name=\"twitter:data1\" content=\"2\u00a0Minuten\" \/>\n<script type=\"application\/ld+json\" class=\"yoast-schema-graph\">{\"@context\":\"https:\\\/\\\/schema.org\",\"@graph\":[{\"@type\":\"WebPage\",\"@id\":\"https:\\\/\\\/betty-bbq.de\\\/cms\\\/baechleputzer-stocky\\\/\",\"url\":\"https:\\\/\\\/betty-bbq.de\\\/cms\\\/baechleputzer-stocky\\\/\",\"name\":\"B\u00e4chleputzer Stocky - Betty BBQ\",\"isPartOf\":{\"@id\":\"https:\\\/\\\/betty-bbq.de\\\/cms\\\/#website\"},\"datePublished\":\"2021-09-17T09:34:36+00:00\",\"dateModified\":\"2022-03-16T23:46:37+00:00\",\"breadcrumb\":{\"@id\":\"https:\\\/\\\/betty-bbq.de\\\/cms\\\/baechleputzer-stocky\\\/#breadcrumb\"},\"inLanguage\":\"de\",\"potentialAction\":[{\"@type\":\"ReadAction\",\"target\":[\"https:\\\/\\\/betty-bbq.de\\\/cms\\\/baechleputzer-stocky\\\/\"]}]},{\"@type\":\"BreadcrumbList\",\"@id\":\"https:\\\/\\\/betty-bbq.de\\\/cms\\\/baechleputzer-stocky\\\/#breadcrumb\",\"itemListElement\":[{\"@type\":\"ListItem\",\"position\":1,\"name\":\"Startseite\",\"item\":\"https:\\\/\\\/betty-bbq.de\\\/cms\\\/\"},{\"@type\":\"ListItem\",\"position\":2,\"name\":\"B\u00e4chleputzer Stocky\"}]},{\"@type\":\"WebSite\",\"@id\":\"https:\\\/\\\/betty-bbq.de\\\/cms\\\/#website\",\"url\":\"https:\\\/\\\/betty-bbq.de\\\/cms\\\/\",\"name\":\"Fr\u00e4ulein Betty BBQ - Schwarzwald Drag Queen, Schorlek\u00f6nigin, Entertainerin\",\"description\":\"Betty BBQ Travestie &amp; Entertainment\",\"publisher\":{\"@id\":\"https:\\\/\\\/betty-bbq.de\\\/cms\\\/#\\\/schema\\\/person\\\/6e6c45463a3cf44a5334be285fffb4b1\"},\"potentialAction\":[{\"@type\":\"SearchAction\",\"target\":{\"@type\":\"EntryPoint\",\"urlTemplate\":\"https:\\\/\\\/betty-bbq.de\\\/cms\\\/?s={search_term_string}\"},\"query-input\":{\"@type\":\"PropertyValueSpecification\",\"valueRequired\":true,\"valueName\":\"search_term_string\"}}],\"inLanguage\":\"de\"},{\"@type\":[\"Person\",\"Organization\"],\"@id\":\"https:\\\/\\\/betty-bbq.de\\\/cms\\\/#\\\/schema\\\/person\\\/6e6c45463a3cf44a5334be285fffb4b1\",\"name\":\"Betty BBQ\",\"image\":{\"@type\":\"ImageObject\",\"inLanguage\":\"de\",\"@id\":\"https:\\\/\\\/betty-bbq.de\\\/cms\\\/wp-content\\\/uploads\\\/2018\\\/10\\\/BettyBBQ-Logo.png\",\"url\":\"https:\\\/\\\/betty-bbq.de\\\/cms\\\/wp-content\\\/uploads\\\/2018\\\/10\\\/BettyBBQ-Logo.png\",\"contentUrl\":\"https:\\\/\\\/betty-bbq.de\\\/cms\\\/wp-content\\\/uploads\\\/2018\\\/10\\\/BettyBBQ-Logo.png\",\"width\":365,\"height\":365,\"caption\":\"Betty BBQ\"},\"logo\":{\"@id\":\"https:\\\/\\\/betty-bbq.de\\\/cms\\\/wp-content\\\/uploads\\\/2018\\\/10\\\/BettyBBQ-Logo.png\"},\"sameAs\":[\"http:\\\/\\\/www.betty-bbq.de\"]}]}<\/script>\n<!-- \/ Yoast SEO plugin. -->","yoast_head_json":{"title":"B\u00e4chleputzer Stocky - Betty BBQ","robots":{"index":"index","follow":"follow","max-snippet":"max-snippet:-1","max-image-preview":"max-image-preview:large","max-video-preview":"max-video-preview:-1"},"canonical":"https:\/\/betty-bbq.de\/cms\/baechleputzer-stocky\/","og_locale":"de_DE","og_type":"article","og_title":"B\u00e4chleputzer Stocky - Betty BBQ","og_description":"[vc_row][vc_column][vc_single_image image=&#8220;1798&#8243;][\/vc_column][\/vc_row][vc_row max_width=&#8220;50&#8243;][vc_column][vc_empty_space height=&#8220;40&#8243;][vc_column_text] B\u00e4chleputzer Stocky Die Freiburger B\u00e4chle als historisches Be- und Entw\u00e4sserungssystem \u2013 eine Innovation aus und im Mittelalter \u2013 sind Arbeitsplatz von Alain, unserem echten \u201cB\u00e4chleputzer\u201d, welcher von den Freiburgern liebevoll \u201cStocky\u201d genannt wird. Wer Stocky sprechen&hellip;","og_url":"https:\/\/betty-bbq.de\/cms\/baechleputzer-stocky\/","og_site_name":"Betty BBQ","article_modified_time":"2022-03-16T23:46:37+00:00","twitter_card":"summary_large_image","twitter_misc":{"Gesch\u00e4tzte Lesezeit":"2\u00a0Minuten"},"schema":{"@context":"https:\/\/schema.org","@graph":[{"@type":"WebPage","@id":"https:\/\/betty-bbq.de\/cms\/baechleputzer-stocky\/","url":"https:\/\/betty-bbq.de\/cms\/baechleputzer-stocky\/","name":"B\u00e4chleputzer Stocky - Betty BBQ","isPartOf":{"@id":"https:\/\/betty-bbq.de\/cms\/#website"},"datePublished":"2021-09-17T09:34:36+00:00","dateModified":"2022-03-16T23:46:37+00:00","breadcrumb":{"@id":"https:\/\/betty-bbq.de\/cms\/baechleputzer-stocky\/#breadcrumb"},"inLanguage":"de","potentialAction":[{"@type":"ReadAction","target":["https:\/\/betty-bbq.de\/cms\/baechleputzer-stocky\/"]}]},{"@type":"BreadcrumbList","@id":"https:\/\/betty-bbq.de\/cms\/baechleputzer-stocky\/#breadcrumb","itemListElement":[{"@type":"ListItem","position":1,"name":"Startseite","item":"https:\/\/betty-bbq.de\/cms\/"},{"@type":"ListItem","position":2,"name":"B\u00e4chleputzer Stocky"}]},{"@type":"WebSite","@id":"https:\/\/betty-bbq.de\/cms\/#website","url":"https:\/\/betty-bbq.de\/cms\/","name":"Fr\u00e4ulein Betty BBQ - Schwarzwald Drag Queen, Schorlek\u00f6nigin, Entertainerin","description":"Betty BBQ Travestie &amp; Entertainment","publisher":{"@id":"https:\/\/betty-bbq.de\/cms\/#\/schema\/person\/6e6c45463a3cf44a5334be285fffb4b1"},"potentialAction":[{"@type":"SearchAction","target":{"@type":"EntryPoint","urlTemplate":"https:\/\/betty-bbq.de\/cms\/?s={search_term_string}"},"query-input":{"@type":"PropertyValueSpecification","valueRequired":true,"valueName":"search_term_string"}}],"inLanguage":"de"},{"@type":["Person","Organization"],"@id":"https:\/\/betty-bbq.de\/cms\/#\/schema\/person\/6e6c45463a3cf44a5334be285fffb4b1","name":"Betty BBQ","image":{"@type":"ImageObject","inLanguage":"de","@id":"https:\/\/betty-bbq.de\/cms\/wp-content\/uploads\/2018\/10\/BettyBBQ-Logo.png","url":"https:\/\/betty-bbq.de\/cms\/wp-content\/uploads\/2018\/10\/BettyBBQ-Logo.png","contentUrl":"https:\/\/betty-bbq.de\/cms\/wp-content\/uploads\/2018\/10\/BettyBBQ-Logo.png","width":365,"height":365,"caption":"Betty BBQ"},"logo":{"@id":"https:\/\/betty-bbq.de\/cms\/wp-content\/uploads\/2018\/10\/BettyBBQ-Logo.png"},"sameAs":["http:\/\/www.betty-bbq.de"]}]}},"jetpack_sharing_enabled":true,"_links":{"self":[{"href":"https:\/\/betty-bbq.de\/cms\/wp-json\/wp\/v2\/pages\/1808","targetHints":{"allow":["GET"]}}],"collection":[{"href":"https:\/\/betty-bbq.de\/cms\/wp-json\/wp\/v2\/pages"}],"about":[{"href":"https:\/\/betty-bbq.de\/cms\/wp-json\/wp\/v2\/types\/page"}],"author":[{"embeddable":true,"href":"https:\/\/betty-bbq.de\/cms\/wp-json\/wp\/v2\/users\/1"}],"replies":[{"embeddable":true,"href":"https:\/\/betty-bbq.de\/cms\/wp-json\/wp\/v2\/comments?post=1808"}],"version-history":[{"count":7,"href":"https:\/\/betty-bbq.de\/cms\/wp-json\/wp\/v2\/pages\/1808\/revisions"}],"predecessor-version":[{"id":1892,"href":"https:\/\/betty-bbq.de\/cms\/wp-json\/wp\/v2\/pages\/1808\/revisions\/1892"}],"wp:attachment":[{"href":"https:\/\/betty-bbq.de\/cms\/wp-json\/wp\/v2\/media?parent=1808"}],"curies":[{"name":"wp","href":"https:\/\/api.w.org\/{rel}","templated":true}]}}